{"id":342,"date":"2018-01-18T12:32:00","date_gmt":"2018-01-18T17:32:00","guid":{"rendered":"https:\/\/ambiente.mupa.gob.pa\/basuracero\/?page_id=342"},"modified":"2020-04-19T18:23:50","modified_gmt":"2020-04-19T23:23:50","slug":"contacto","status":"publish","type":"page","link":"https:\/\/ambiente.mupa.gob.pa\/basuracero\/contacto\/","title":{"rendered":"Contacto"},"content":{"rendered":"<p>Programa Basura Cero, Unidad de la Direcci\u00f3n de Gesti\u00f3n Ambiental<\/p>\n<p>Tel\u00e9fono:<br \/>\ntel:521-5104  &#8211;  521-5104 ext. 7582 \/ 83 \/ 84<\/p>\n","protected":false},"excerpt":{"rendered":"<p>Programa Basura Cero, Unidad de la Direcci\u00f3n de Gesti\u00f3n Ambiental Tel\u00e9fono: tel:521-5104 &#8211; 521-5104 ext. 7582 \/ 83 \/ 84<\/p>\n","protected":false},"author":12,"featured_media":0,"parent":0,"menu_order":7,"comment_status":"closed","ping_status":"closed","template":"","meta":{"footnotes":""},"class_list":["post-342","page","type-page","status-publish","hentry"],"_links":{"self":[{"href":"https:\/\/ambiente.mupa.gob.pa\/basuracero\/wp-json\/wp\/v2\/pages\/342","targetHints":{"allow":["GET"]}}],"collection":[{"href":"https:\/\/ambiente.mupa.gob.pa\/basuracero\/wp-json\/wp\/v2\/pages"}],"about":[{"href":"https:\/\/ambiente.mupa.gob.pa\/basuracero\/wp-json\/wp\/v2\/types\/page"}],"author":[{"embeddable":true,"href":"https:\/\/ambiente.mupa.gob.pa\/basuracero\/wp-json\/wp\/v2\/users\/12"}],"replies":[{"embeddable":true,"href":"https:\/\/ambiente.mupa.gob.pa\/basuracero\/wp-json\/wp\/v2\/comments?post=342"}],"version-history":[{"count":3,"href":"https:\/\/ambiente.mupa.gob.pa\/basuracero\/wp-json\/wp\/v2\/pages\/342\/revisions"}],"predecessor-version":[{"id":3419,"href":"https:\/\/ambiente.mupa.gob.pa\/basuracero\/wp-json\/wp\/v2\/pages\/342\/revisions\/3419"}],"wp:attachment":[{"href":"https:\/\/ambiente.mupa.gob.pa\/basuracero\/wp-json\/wp\/v2\/media?parent=342"}],"curies":[{"name":"wp","href":"https:\/\/api.w.org\/{rel}","templated":true}]}}